igit of 31336510?
0
What is the hundreds digit of 1075171?
1
What is the hundreds digit of 86379?
3
What is the units digit of 201479?
9
What is the hundreds digit of 7964650?
6
What is the millions digit of 9329202?
9
What is the units digit of 224501?
1
What is the ten thousands digit of 12030924?
3
What is the tens digit of 9287251?
5
What is the tens digit of 468318?
1
What is the tens digit of 617245?
4
What is the millions digit of 8434906?
8
What is the units digit of 497073?
3
What is the tens digit of 1460741?
4
What is the hundred thousands digit of 3486567?
4
What is the thousands digit of 185278?
5
What is the millions digit of 5478301?
5
What is the tens digit of 238276?
7
What is the hundred thousands digit of 1072441?
0
What is the thousands digit of 8296141?
6
What is the hundreds digit of 2173536?
5
What is the units digit of 1160689?
9
What is the thousands digit of 3077746?
7
What is the units digit of 11264576?
6
What is the hundred thousands digit of 3862255?
8
What is the ten thousands digit of 230516?
3
What is the thousands digit of 660687?
0
What is the hundreds digit of 2788067?
0
What is the units digit of 413687?
7
What is the thousands digit of 427707?
7
What is the tens digit of 223046?
4
What is the hundred thousands digit of 19748005?
7
What is the ten thousands digit of 1453386?
5
What is the tens digit of 656782?
8
What is the ten thousands digit of 155799?
5
What is the hundreds digit of 3681903?
9
What is the thousands digit of 4376371?
6
What is the ten thousands digit of 1534037?
3
What is the hundreds digit of 9540952?
9
What is the hundreds digit of 19121970?
9
What is the units digit of 831471?
1
What is the tens digit of 41660?
6
What is the hundred thousands digit of 3322622?
3
What is the millions digit of 1166978?
1
What is the thousands digit of 2111074?
1
What is the ten thousands digit of 2123160?
2
What is the tens digit of 300146?
4
What is the hundred thousands digit of 3637078?
6
What is the tens digit of 1829276?
7
What is the units digit of 218426?
6
What is the hundreds digit of 1459202?
2
What is the units digit of 505624?
4
What is the units digit of 329594?
4
What is the units digit of 75686?
6
What is the hundred thousands digit of 150432?
1
What is the tens digit of 894200?
0
What is the thousands digit of 16744461?
4
What is the millions digit of 6296059?
6
What is the hundred thousands digit of 360568?
3
What is the ten thousands digit of 310304?
1
What is the ten thousands digit of 57457?
5
What is the thousands digit of 2053559?
3
What is the ten thousands digit of 200224?
0
What is the hundreds digit of 257459?
4
What is the units digit of 16140?
0
What is the ten thousands digit of 329450?
2
What is the thousands digit of 2602102?
2
What is the thousands digit of 1371142?
1
What is the thousands digit of 4413187?
3
What is the hundred thousands digit of 588555?
5
What is the millions digit of 6415540?
6
What is the hundred thousands digit of 1656723?
6
What is the ten thousands digit of 449858?
4
What is the units digit of 2255695?
5
What is the tens digit of 818009?
0
What is the ten thousands digit of 14480367?
8
What is the hundred thousands digit of 2071360?
0
What is the hundreds digit of 16879934?
9
What is the hundred thousands digit of 5345749?
3
What is the ten thousands digit of 571962?
7
What is the hundred thousands digit of 148737?
1
What is the hundred thousands digit of 415358?
4
What is the hundreds digit of 3613029?
0
What is the units digit of 20716388?
8
What is the thousands digit of 299925?
9
What is the ten thousands digit of 4007852?
0
What is the hundreds digit of 188790?
7
What is the ten thousands digit of 115424?
1
What is the units digit of 19257?
7
What is the hundreds digit of 70751?
7
What is the tens digit of 300212?
1
What is the thousands digit of 134225?
4
What is the ten thousands digit of 2762998?
6
What is the units digit of 5640358?
8
What is the hundred thousands digit of 1373055?
3
What is the tens digit of 2269850?
5
What is the ten millions digit of 17465213?
1
What is the millions digit of 8464819?
8
What is the hundred thousands digit of 10437233?
4
What is the hundreds digit of 3266233?
2
What is the ten thousands digit of 9211587?
1
What is the thousands digit of 1932771?
2
What is the thousands digit of 17255925?
5
What is the thousands digit of 868394?
8
What is the tens digit of 8579023?
2
What is the units digit of 2417600?
0
What is the ten thousands digit of 128732?
2
What is the ten thousands digit of 681131?
8
What is the units digit of 10843391?
1
What is the ten millions digit of 24110736?
2
What is the hundred thousands digit of 1430852?
4
What is the millions digit of 1531975?
1
What is the tens digit of 229567?
6
What is the tens digit of 846672?
7
What is the hundred thousands digit of 5091749?
0
What is the ten thousands digit of 223157?
2
What is the ten millions digit of 15573565?
1
What is the thousands digit of 12228320?
8
What is the ten millions digit of 17110389?
1
What is the millions digit of 1161462?
1
What is the hundred thousands digit of 738751?
7
What is the units digit of 278620?
0
What is the hundreds digit of 8745438?
4
What is the thousands digit of 10139737?
9
What is the hundreds digit of 180545?
5
What is the hundreds digit of 29115692?
6
What is the hundred thousands digit of 234147?
2
What is the hundred thousands digit of 1187962?
1
What is the tens digit of 11108729?
2
What is the thousands digit of 52277?
2
What is the hundred thousands digit of 1394649?
3
What is the hundreds digit of 230307?
3
What is the tens digit of 290821?
2
What is the hundreds digit of 512138?
1
What is the hundred thousands digit of 1557179?
5
What is the ten thousands digit of 1659624?
5
What is the tens digit of 31382314?
1
What is the thousands digit of 6463759?
3
What is the thousands digit of 366754?
6
What is the thousands digit of 12378?
2
What is the hundred thousands digit of 456696?
4
What is the ten thousands digit of 2188293?
8
What is the hundred thousands digit of 3246353?
2
What is the tens digit of 636632?
3
What is the thousands digit of 337537?
7
What is the units digit of 15996658?
8
What is the units digit of 306470?
0
What is the millions digit of 2175435?
2
What is the hundred thousands digit of 253456?
2
What is the hundred thousands digit of 7106286?
1
What is the tens digit of 10977504?
0
What is the thousands digit of 1139891?
9
What is the hundreds digit of 676648?
6
What is the hundreds digit of 16933434?
4
What is the thousands digit of 314703?
4
What is the hundreds digit of 2030145?
1
What is the tens digit of 97405?
0
What is the thousands digit of 210315?
0
What is the ten thousands digit of 735642?
3
What is the units digit of 18595242?
2
What is the ten millions digit of 26978100?
2
What is the hundred thousands digit of 1377180?
3
What is the hundreds digit of 8555?
5
What is the thousands digit of 20653862?
3
What is the hundreds digit of 15947422?
4
What is the units digit of 5184562?
2
What is the units digit of 42984?
4
What is the millions digit of 7760858?
7
What is the ten thousands digit of 50529?
5
What is the ten thousands digit of 17178274?
7
What is the units digit of 7379?
9
What is the tens digit of 187799?
9
What is the hundreds digit of 6152279?
2
What is the hundreds digit of 519262?
2
What is the tens digit of 4502707?
0
What is the millions digit of 2900349?
2
What is the ten thousands digit of 30251839?
5
What is the units digit of 15459968?
8
What is the hundreds digit of 7422893?
8
What is the thousands digit of 2909862?
9
What is the units digit of 278060?
0
What is the hundred thousands digit of 5616085?
6
What is the hundreds digit of 1725705?
7
What is the units digit of 1073602?
2
What is the hundred thousands digit of 914072?
9
What is the tens digit of 1168380?
8
What is the tens digit of 1681545?
4
What is the hundreds digit of 165122?
1
What is the tens digit of 478804?
0
What is the units digit of 773112?
2
What is the units digit of 323878?
8
What is the thousands digit of 597986?
7
What is the hundred thousands digit of 12101620?
1
What is the thousands digit of 6515786?
5
What is the ten thousands digit of 165426?
6
What is the tens digit of 